9 is divided by x.
19
Suppose -4*u - 4*l + 2*l - 52 = 0, -4*u = 3*l + 56. Let h = -13 - u. What is the remainder when (h/3)/((-6)/837) is divided by 32?
29
Suppose 3907 = 51*c + 1204. Calculate the remainder when 368 is divided by c.
50
Let n = 3025 - 2804. Calculate the remainder when n is divided by 9.
5
Suppose 0 = 548*q - 560*q + 396. What is the remainder when (5 - 3)/(2/131) is divided by q?
32
Let i = -13 - -20. What is the remainder when (2 + (-74)/(-14) + -3)*i is divided by ((-4)/(-10))/(1/20)?
6
Suppose 96*q - 12*q = 13440. Calculate the remainder when q is divided by 79.
2
Suppose -5*l + 2*l + 71 = 5*i, -i = -l - 11. Suppose -i*h = -12*h - 8. What is the remainder when 14/h*160/10 is divided by 5?
3
Calculate the remainder when 175 - 15/12*4 is divided by 58.
54
Let f(m) be the third derivative of 2*m**2 - 1/24*m**4 + 0 + 0*m + 11/6*m**3. Calculate the remainder when 21 is divided by f(0).
10
Suppose 2*o + 273 = 5*w - 574, -3*w + 525 = 3*o. Calculate the remainder when w is divided by 35.
31
Let m(y) be the first derivative of -y**4/4 + 7*y**3/3 - 3*y**2/2 + 5*y - 41. Let g(v) = v**2 - 3*v - 2. Calculate the remainder when m(6) is divided by g(-2).
7
Let p = 277 - 133. Calculate the remainder when p is divided by 13.
1
Suppose -110 = -m - 24. Suppose 5*t = 3*v + 297 + 18, -4*v + m = t. Calculate the remainder when t is divided by 17.
15
Suppose 4 + 32 = 3*m. Suppose -223 = -4*d - k, -4*k - 36 + 187 = 3*d. What is the remainder when d is divided by m?
9
Suppose 2*c = -2*j - j - 291, -5*j - 5 = 0. Let i = 146 + c. What is the remainder when 28 is divided by i?
0
Suppose 2*q = 126 + 208. What is the remainder when q is divided by 17?
14
Let q(h) = 31*h**2 - h + 1. Suppose -j = -4*g + 34, 5*j = 7*g - 5*g - 26. Calculate the remainder when q(1) is divided by g.
7
Let x = 163 + -123. What is the remainder when x is divided by 22?
18
Let w(o) = 2*o**3 - 7*o**2 - 3*o + 8. Let h = 48 - 43. What is the remainder when w(h) is divided by 18?
14
Suppose -1046 + 816 = -2*n. What is the remainder when n is divided by 74?
41
Let k = 610 + -592. What is the remainder when 555 is divided by k?
15
Let r(q) = -4*q + 7. Let s be r(6). Let g(l) = l**2 + 14*l + 36. Calculate the remainder when g(s) is divided by 10.
7
Suppose 2 = -4*q + 34. Calculate the remainder when 94 is divided by q.
6
Suppose 27*i = 9*i + 2322. Calculate the remainder when i is divided by 44.
41
Suppose -m + 6*m - 235 = 0. Let s(z) = -z**3 - z**2 + 5*z + 8. Calculate the remainder when m is divided by s(0).
7
Suppose -2*y + 216 = -10*y. Suppose 2*l + 4*t = -l + 80, -5*l - 5*t = -130. What is the remainder when l is divided by (-395)/(-45) - 6/y?
6
Suppose 0 = -3*u + 12 - 0. Suppose 2*f - 5*a + 14 = 0, -3*f - 4*a - a = -29. Suppose -16 = -5*h - f*h. What is the remainder when u is divided by h?
0
Suppose -51 = -4*z + 2*n + 33, 4*n + 105 = 5*z. Calculate the remainder when 333 is divided by z.
18
Suppose -363 = -4*x + 3*j, -x + 4*j - 21 = -128. What is the remainder when x is divided by 45?
42
Suppose -30*s + 8*s = -4136. Calculate the remainder when s is divided by 19.
17
Let c = -22 + 52. Suppose -j - c = w - 254, 0 = w + 3*j - 228. Calculate the remainder when w/78 - 4/(-26) is divided by 3.
0
Let y = -40 - -66. Suppose 0 = -3*c - 0*c - 2*v + 30, y = 4*c - 2*v. Calculate the remainder when 23 is divided by c.
7
Suppose -5*o = j - 675, 4*o - 4*j - 297 = 219. What is the remainder when o is divided by 24?
14
Let q = -37 - -47. What is the remainder when (-102)/(-4) - 2/(-4) is divided by q?
6
Let i = -646 + 1019. Calculate the remainder when i is divided by 22.
21
Suppose 0 = 12*z - 109 - 275. Calculate the remainder when z is divided by 29.
3
Let y = -22 - -22. Let b(z) = -1. Let p(h) = -2*h - 24. Let o(g) = b(g) - p(g). Calculate the remainder when o(y) is divided by 12.
11
Let t(p) = -p**2 - 29*p - 175. What is the remainder when 70 is divided by t(-19)?
10
Suppose -7*t = -2*t - 90. Calculate the remainder when 352/10 + (-7 - -3)/20 is divided by t.
17
Suppose 0*s + 2*s - 88 = 0. Suppose 0*k + 4*k = s. Calculate the remainder when 39 is divided by k.
6
Suppose 5*f - 20 = -5*n, -4 = 3*n - 1. Suppose f = -2*w - 1. Let a = 12 + w. What is the remainder when 16 is divided by a?
7
Let n = -276 - -309. Calculate the remainder when n is divided by (-1 + 6/3)*6.
3
Let z(m) = -m**2 + 26*m - 133. What is the remainder when 193 is divided by z(9)?
13
Calculate the remainder when 111 is divided by 20/8 - 214/(-4).
55
Suppose 3*z + 21*u = 19*u + 2595, -z + 873 = -2*u. What is the remainder when z is divided by 31?
30
Let v(l) = l + 3. What is the remainder when -2 + (2 - 0) - -113 is divided by v(16)?
18
Let x(y) = 23*y**3 - 4*y + 1. Let a be x(2). Suppose 6*s = a - 69. What is the remainder when 142 is divided by s?
16
Let f(k) = k**3 + 16*k**2 - 39*k + 27. Suppose 4*r = -3*j + 2, -j + 2*r + 6 = 2. Suppose -j*q = q - 63. Calculate the remainder when f(-18) is divided by q.
18
Suppose -4*h + 20 = 12. Let u be (-10)/(-15) - 26/(-6). Suppose -h*r + u = -b, -4*b = -7 - 5. What is the remainder when 13 is divided by r?
1
Let k be 552*9/(135/20). Suppose -4*z = -0*z - k. What is the remainder when z is divided by 31?
29
Let b(a) = 3*a + 156. What is the remainder when 58 is divided by b(-48)?
10
Let w(l) = l**2 - 10*l + 62. Let p(j) = 17*j - 2. What is the remainder when w(0) is divided by p(2)?
30
Suppose z - 428 = 5*z. Let o = -44 - z. Suppose 4*w - 78 = -14. What is the remainder when o is divided by w?
15
Suppose -5*d + 5*g = -335, -5*d - 4*g = -3*g - 305. Let o = d - 55. What is the remainder when 27 is divided by o?
6
Suppose 11 = -27*o + 28*o. Let z = 4 + o. What is the remainder when 192 is divided by z?
12
Let u be 6/(-5)*60/9. Let o(g) = 3*g**2 - 2*g - 6. Let y be o(u). Calculate the remainder when 32 is divided by y/18 + 22/(-99).
10
Suppose -l + 27 = -u, -u - 105 = -2*l - 2*l. Let y = 15 - 7. What is the remainder when l is divided by y?
2
Suppose 82 = 42*k - 1640. What is the remainder when (0 - (-2 - -1)) + 161 is divided by k?
39
Calculate the remainder when (12/(-8) - -2)/((-5)/(-80)) is divided by 5.
3
Suppose -4*y = -2*l + 28, 0*y - 68 = -4*l - 4*y. Calculate the remainder when 59 is divided by 228/15 + -1 + l/20.
14
Let k be (-17 - (-6 + 4))*1. What is the remainder when 37 is divided by 10 - (30/(-25))/((-6)/k)?
11
Let r(m) = 26*m**2. Let k = -5 - -7. Suppose k*u = -i + 1, 4*i - 5*i - 2 = 3*u. Calculate the remainder when r(-1) is divided by i.
5
Suppose -3*n - 2*n + 2535 = 0. Suppose n = -4*w + 143. Let a = -36 - w. What is the remainder when a is divided by 14?
13
Let g = 74 + -35. Calculate the remainder when 77 is divided by g.
38
Let a(s) = -s**2 - 6*s. Let j be a(-5). Suppose -j*q + 26 = 1. Suppose -21 = -4*m - q. What is the remainder when 15 is divided by m?
3
Suppose 0 = 5*l - 25, 10*u = 9*u - l - 66. Let p = u - -76. What is the remainder when 24 is divided by p?
4
Let r = -1579 - -1587. Let n(c) = -c**2 - 11*c + 14. Suppose 0 = 2*y - 5 + 27. Calculate the remainder when n(y) is divided by r.
6
Let v(k) = k**2 + 48*k + 152. Calculate the remainder when 97 is divided by v(-45).
12
Let y = -15 + 26. Let i(x) = y*x + 7*x + 0*x**2 - 4*x - x**2 - 3. What is the remainder when i(7) is divided by 12?
10
Calculate the remainder when (17/((-425)/(-80)))/(6/255) is divided by 16.
8
Let g(l) = 3*l**3 + 3*l**2 + 4*l + 3. Let x be g(-2). Let t = 14 + x. Calculate the remainder when 16 is divided by (-50)/(-8) - t/(-12).
4
Let x(m) be the second derivative of m**4/12 - m**3/6 + m**2/2 - m. Let y = 472 - 460. What is the remainder when x(-4) is divided by y?
9
Suppose 4*n - 54 + 6 = 0. Let j(z) = 5*z**2 - z - 2. Let q = 2 - 5. Calculate the remainder when j(q) is divided by n.
10
Suppose -3*g - 278 = -5*g. What is the remainder when g is divided by 21?
13
Let z(a) = a**3 + 9*a**2 - 15*a - 7. Calculate the remainder when z(-9) is divided by 30.
8
Let c(h) = 21*h - 9. Let r(g) = -41*g + 18. Let d(f) = -7*c(f) - 4*r(f). What is the remainder when d(4) is divided by 15?
14
Suppose 0 = -2*w + 6, 5*t + 5*w - 430 = -0*t. What is the remainder when 329 is divided by t?
80
Let t(k) = 2*k**3 + 13*k**2 + 5*k - 4. Let n be t(-6). Suppose -470 = -3*z - 4*o, -2*o = -n*z - 3*o + 310. Calculat